{"id":4725,"date":"2026-01-16T22:46:27","date_gmt":"2026-01-16T21:46:27","guid":{"rendered":"https:\/\/tazig.fr\/?page_id=4725"},"modified":"2026-02-24T02:34:11","modified_gmt":"2026-02-24T01:34:11","slug":"mentions-legales","status":"publish","type":"page","link":"https:\/\/tazig.fr\/index.php\/contact\/mentions-legales\/","title":{"rendered":"Mentions L\u00e9gales"},"content":{"rendered":"\t\t<div data-elementor-type=\"wp-page\" data-elementor-id=\"4725\" class=\"elementor elementor-4725\" data-elementor-post-type=\"page\">\n\t\t\t\t<div class=\"elementor-element elementor-element-5363e02 e-flex e-con-boxed e-con e-parent\" data-id=\"5363e02\" data-element_type=\"container\">\n\t\t\t\t\t<div class=\"e-con-inner\">\n\t\t\t\t<div class=\"elementor-element elementor-element-a8b82f3 elementor-widget elementor-widget-text-editor\" data-id=\"a8b82f3\" data-element_type=\"widget\" data-widget_type=\"text-editor.default\">\n\t\t\t\t<div class=\"elementor-widget-container\">\n\t\t\t\t\t\t\t\t\t<h1>MENTIONS LEGALES<\/h1><p>Derni\u00e8re mise \u00e0 jour F\u00e9vrier 2026<\/p><h3><span style=\"font-size: 16px; font-family: 'arial black', sans-serif;\"><strong>OBJET DU DOCUMENT<\/strong><\/span><\/h3><p>Conform\u00e9ment aux dispositions de la loi n\u00b02004-575 du 21 juin 2004 pour la Confiance en l\u2019\u00e9conomie num\u00e9rique, il est port\u00e9 \u00e0 la connaissance des utilisateurs et visiteurs du site internet https:\/\/www.tazig.fr, les pr\u00e9sentes mentions l\u00e9gales entr\u00e9es en vigueur au 01\/01\/2026.<br \/>La connexion et la navigation sur le Site par l\u2019Utilisateur implique acceptation int\u00e9grale et sans r\u00e9serve des pr\u00e9sentes mentions l\u00e9gales.<br \/>Ces derni\u00e8res sont accessibles sur le Site en bas de page via le lien indiquant \u00ab\u00a0Mentions l\u00e9gales\u00a0\u00bb.<\/p><h4><span style=\"font-family: 'arial black', sans-serif; font-size: 16px;\"><strong>\u00c9DITEUR DU SITE<\/strong><\/span><\/h4><p>L\u2019association Loi 1901 \u00ab Tazig Samten Ling \u00bb N\u00b0 W 343017349 est propri\u00e9taire du Site https:\/\/tazig.fr<br \/>Les statuts de l&rsquo;association sont consultables <a href=\"https:\/\/tazig.fr\/wp-content\/uploads\/2026\/02\/STATUTS_2026.pdf\">ici<\/a>.<br \/>En tant qu&rsquo;association, l\u2019\u00e9dition et la direction de la publication du Site est assur\u00e9e par la pr\u00e9sidente de l\u2019Association Tazig Samten Ling : <br \/>Madame Karima Ouldali, domicili\u00e9e \u00e0 Montpellier,<br \/>dont le num\u00e9ro de t\u00e9l\u00e9phone est +33<span data-olk-copy-source=\"MessageBody\">7 83 38 96 89<\/span>, et l&rsquo;adresse e-mail <a href=\"mailto:presidence@tazig.fr\">presidence@tazig.fr\u00a0<\/a><br \/><span data-olk-copy-source=\"MessageBody\">Le si\u00e8ge social de l&rsquo;Association est situ\u00e9 au 17 Rue des Lauriers Roses, 34070 MONTPELLIER<\/span><\/p><h4><span style=\"font-family: 'arial black', sans-serif; font-size: 16px;\"><strong>H\u00c9BERGEUR<\/strong><\/span><\/h4><p>L&rsquo;h\u00e9bergeur du Site est la soci\u00e9t\u00e9 OVH, dont le si\u00e8ge social est situ\u00e9 au 2 rue Kellermann 59100 Roubaix.<\/p><h4><span style=\"font-family: 'arial black', sans-serif; font-size: 16px;\"><strong>ACC\u00c8S AU SITE<\/strong><\/span><\/h4><p>Le Site est normalement accessible, \u00e0 tout moment, \u00e0 l&rsquo;Utilisateur. Toutefois, l\u2019\u00e9diteur pourra, \u00e0 tout moment, suspendre, limiter ou interrompre le Site afin de proc\u00e9der, notamment, \u00e0 des mises \u00e0 jour ou des modifications de son contenu. L&rsquo;\u00e9diteur ainsi que l\u2019Association Tazig Samten Ling ne pourront en aucun cas \u00eatre tenus responsables des cons\u00e9quences \u00e9ventuelles de cette indisponibilit\u00e9 sur les activit\u00e9s de l&rsquo;Utilisateur.<\/p><p><span style=\"font-family: 'arial black', sans-serif; font-size: 16px;\"><strong>LIMITATIONS DE RESPONSABILIT\u00c9S<\/strong><\/span><\/p><p>L\u2019\u00e9diteur ainsi que l\u2019Association Tazig Samten Ling ne pourront \u00eatre tenus pour responsables des dommages directs et indirects caus\u00e9s au mat\u00e9riel de l\u2019utilisateur, lors de l\u2019acc\u00e8s au site https:\/\/tazig.fr <br \/>L\u2019\u00e9diteur ainsi que l\u2019Association Tazig Samten Ling d\u00e9cline toute responsabilit\u00e9 quant \u00e0 l\u2019utilisation qui pourrait \u00eatre faite des informations et contenus pr\u00e9sents sur le site https:\/\/tazig.fr <br \/>L\u2019\u00e9diteur ainsi que l\u2019Association Tazig Samten Ling s\u2019engage \u00e0 s\u00e9curiser au mieux le site https:\/\/tazig.fr ;<br \/>Cependant sa responsabilit\u00e9 ne pourra \u00eatre mise en cause si des donn\u00e9es ind\u00e9sirables sont import\u00e9es ou install\u00e9es sur son site \u00e0 son insu.<br \/>De plus, l\u2019utilisateur du site s\u2019engage \u00e0 acc\u00e9der au site en utilisant un mat\u00e9riel r\u00e9cent, ne contenant pas de virus et avec un navigateur de derni\u00e8re g\u00e9n\u00e9ration mis-\u00e0-jour.<br \/>Le site https:\/\/tazig.fr contient des liens hypertextes vers d\u2019autres sites et d\u00e9gage toute responsabilit\u00e9 \u00e0 propos de ces liens externes ou des liens cr\u00e9\u00e9s par d\u2019autres sites vers https:\/\/.tazig.fr<\/p><p><span style=\"font-family: 'arial black', sans-serif; font-size: 16px;\"><strong>L\u2019USAGE DES COOKIES<\/strong><\/span><\/p><p>La navigation sur le site https:\/\/www.tazig.fr est susceptible de provoquer l\u2019installation de cookie(s) sur l\u2019ordinateur de l\u2019utilisateur, pour des besoins d\u2019affichage ou de statistiques.<br \/>\u00ab\u00a0Aucun cookie ne sera d\u00e9pos\u00e9 sans son consentement. <br \/>L&rsquo;Utilisateur \u00e0 la possibilit\u00e9 d\u2019accepter ou de refuser les cookies en modifiant les param\u00e8tres de son navigateur.<br \/>Les cookies sont enregistr\u00e9s pour une dur\u00e9e maximale d&rsquo;un an.<br \/>Vous pouvez consulter l&rsquo;int\u00e9gralit\u00e9 de la politique de confidentialit\u00e9 de l\u2019Association Tazig Samten Ling <a href=\"https:\/\/tazig.fr\/?page_id=4708&amp;preview=true\">ici,<\/a>\u00a0ainsi que la politique de gestion des cookies <a href=\"https:\/\/tazig.fr\/?page_id=4789\">ici<\/a>.<\/p><h4><span style=\"font-family: 'arial black', sans-serif; font-size: 16px;\"><strong>COLLECTE DES DONN\u00c9ES<\/strong><\/span><\/h4><p>Le Site assure \u00e0 l&rsquo;Utilisateur une collecte et un traitement des donn\u00e9es personnelles dans le respect de la vie priv\u00e9e conform\u00e9ment \u00e0 la loi n\u00b078-17 du 6 janvier 1978 relative \u00e0 l&rsquo;informatique, aux fichiers aux libert\u00e9s et dans le respect de la r\u00e8glementation applicable en mati\u00e8re de traitement des donn\u00e9es \u00e0 caract\u00e8re personnel conform\u00e9ment au r\u00e8glement (UE) 2016\/679 du Parlement europ\u00e9en et du Conseil du 27 avril 2016.<br \/>Conform\u00e9ment \u00e0 cette R\u00e8glementation applicable en mati\u00e8re de protection des Donn\u00e9es \u00e0 caract\u00e8re personnel, l&rsquo;Utilisateur dispose d&rsquo;un droit d&rsquo;acc\u00e8s, de rectification, de suppression et d&rsquo;opposition de ses donn\u00e9es personnelles.<br \/>L&rsquo;Utilisateur peut exercer ce droit :<br \/>&#8211; par mail \u00e0 l&rsquo;adresse email <a href=\"mailto:presidence@tazig.fr\">presidence@tazig.fr<\/a><br \/>&#8211; par courrier postal ;<br \/>Si vous avez d&rsquo;autres questions concernant le traitement de vos donn\u00e9es personnelles vous pouvez nous contacter ou consulter notre <a href=\"https:\/\/tazig.fr\/index.php\/politique-de-confidentialite\/\">politique de confidentialit\u00e9<\/a>.<\/p><h4><strong>LITIGES<\/strong><\/h4><p>Les pr\u00e9sentes conditions du site Tazig.fr sont r\u00e9gies par les lois fran\u00e7aises et toute contestation ou litiges qui pourraient na\u00eetre de l&rsquo;interpr\u00e9tation ou de l&rsquo;ex\u00e9cution de celles-ci seront de la comp\u00e9tence exclusive des tribunaux dont d\u00e9pend le si\u00e8ge de l&rsquo;association. La langue de r\u00e9f\u00e9rence, pour le r\u00e8glement de contentieux \u00e9ventuels, est le fran\u00e7ais.<\/p><h4><span style=\"font-family: 'arial black', sans-serif; font-size: 16px;\"><strong>PROPRI\u00c9T\u00c9 INTELLECTUELLE ET CONTREFA\u00c7ON<\/strong><\/span><\/h4><p>Toute utilisation, reproduction, repr\u00e9sentation, diffusion, adaptation, commercialisation, modification de toute ou partie des \u00e9l\u00e9ments du Site, quel que soit le moyen ou proc\u00e9d\u00e9 utilis\u00e9 sans autorisation expresse de l\u2019\u00e9diteur est prohib\u00e9e et pourra entra\u00eener des actions et poursuites judiciaires telles que pr\u00e9vues par la r\u00e8glementation en vigueur.<br \/>Toute exploitation non autoris\u00e9e du site ou d\u2019un quelconque de ses \u00e9l\u00e9ments qu\u2019il contient sera consid\u00e9r\u00e9e comme <br \/>Constitutive d\u2019une contrefa\u00e7on et poursuivie conform\u00e9ment aux dispositions des articles L. 335-2 et suivants du Code de Propri\u00e9t\u00e9 Intellectuelle.<\/p>\t\t\t\t\t\t\t\t<\/div>\n\t\t\t\t<\/div>\n\t\t\t\t\t<\/div>\n\t\t\t\t<\/div>\n\t\t\t\t<\/div>\n\t\t","protected":false},"excerpt":{"rendered":"<p>MENTIONS LEGALES Derni\u00e8re mise \u00e0 jour F\u00e9vrier 2026 OBJET DU DOCUMENT Conform\u00e9ment aux dispositions de la loi n\u00b02004-575 du 21 juin 2004 pour la Confiance en l\u2019\u00e9conomie num\u00e9rique, il est port\u00e9 \u00e0 la connaissance des utilisateurs et visiteurs du site internet https:\/\/www.tazig.fr, les pr\u00e9sentes mentions l\u00e9gales entr\u00e9es en vigueur au 01\/01\/2026.La connexion et la navigation sur le Site par l\u2019Utilisateur implique acceptation int\u00e9grale et sans[&#8230;]<\/p>\n","protected":false},"author":1,"featured_media":0,"parent":3826,"menu_order":1,"comment_status":"closed","ping_status":"closed","template":"elementor_header_footer","meta":{"_uag_custom_page_level_css":"","footnotes":""},"class_list":["post-4725","page","type-page","status-publish","hentry"],"uagb_featured_image_src":{"full":false,"thumbnail":false,"medium":false,"medium_large":false,"large":false,"1536x1536":false,"2048x2048":false,"post-thumbnail":false,"poseidon-header-image":false,"poseidon-thumbnail-small":false,"poseidon-thumbnail-medium":false,"poseidon-thumbnail-large":false,"poseidon-thumbnail-single":false},"uagb_author_info":{"display_name":"Mandesha","author_link":"https:\/\/tazig.fr\/index.php\/author\/mandesha\/"},"uagb_comment_info":0,"uagb_excerpt":"MENTIONS LEGALES Derni\u00e8re mise \u00e0 jour F\u00e9vrier 2026 OBJET DU DOCUMENT Conform\u00e9ment aux dispositions de la loi n\u00b02004-575 du 21 juin 2004 pour la Confiance en l\u2019\u00e9conomie num\u00e9rique, il est port\u00e9 \u00e0 la connaissance des utilisateurs et visiteurs du site internet https:\/\/www.tazig.fr, les pr\u00e9sentes mentions l\u00e9gales entr\u00e9es en vigueur au 01\/01\/2026.La connexion et la navigation\u2026","_links":{"self":[{"href":"https:\/\/tazig.fr\/index.php\/wp-json\/wp\/v2\/pages\/4725","targetHints":{"allow":["GET"]}}],"collection":[{"href":"https:\/\/tazig.fr\/index.php\/wp-json\/wp\/v2\/pages"}],"about":[{"href":"https:\/\/tazig.fr\/index.php\/wp-json\/wp\/v2\/types\/page"}],"author":[{"embeddable":true,"href":"https:\/\/tazig.fr\/index.php\/wp-json\/wp\/v2\/users\/1"}],"replies":[{"embeddable":true,"href":"https:\/\/tazig.fr\/index.php\/wp-json\/wp\/v2\/comments?post=4725"}],"version-history":[{"count":52,"href":"https:\/\/tazig.fr\/index.php\/wp-json\/wp\/v2\/pages\/4725\/revisions"}],"predecessor-version":[{"id":4938,"href":"https:\/\/tazig.fr\/index.php\/wp-json\/wp\/v2\/pages\/4725\/revisions\/4938"}],"up":[{"embeddable":true,"href":"https:\/\/tazig.fr\/index.php\/wp-json\/wp\/v2\/pages\/3826"}],"wp:attachment":[{"href":"https:\/\/tazig.fr\/index.php\/wp-json\/wp\/v2\/media?parent=4725"}],"curies":[{"name":"wp","href":"https:\/\/api.w.org\/{rel}","templated":true}]}}