{"id":3826,"date":"2024-10-03T17:30:59","date_gmt":"2024-10-03T15:30:59","guid":{"rendered":"https:\/\/tazig.fr\/?page_id=3826"},"modified":"2026-03-13T23:57:54","modified_gmt":"2026-03-13T22:57:54","slug":"contact","status":"publish","type":"page","link":"https:\/\/tazig.fr\/index.php\/contact\/","title":{"rendered":"Contact"},"content":{"rendered":"\t\t<div data-elementor-type=\"wp-page\" data-elementor-id=\"3826\" class=\"elementor elementor-3826\" data-elementor-post-type=\"page\">\n\t\t\t\t<div class=\"elementor-element elementor-element-ff60f43 e-flex e-con-boxed e-con e-parent\" data-id=\"ff60f43\" data-element_type=\"container\">\n\t\t\t\t\t<div class=\"e-con-inner\">\n\t\t\t\t<div class=\"elementor-element elementor-element-bac6ada elementor-widget elementor-widget-heading\" data-id=\"bac6ada\" data-element_type=\"widget\" data-widget_type=\"heading.default\">\n\t\t\t\t<div class=\"elementor-widget-container\">\n\t\t\t\t\t<h2 class=\"elementor-heading-title elementor-size-default\">Association Tazig Samten Ling<\/h2>\t\t\t\t<\/div>\n\t\t\t\t<\/div>\n\t\t<div class=\"elementor-element elementor-element-3f13193 e-grid e-con-full e-con e-child\" data-id=\"3f13193\" data-element_type=\"container\">\n\t\t\t\t<div class=\"elementor-element elementor-element-68ec90e elementor-widget elementor-widget-text-editor\" data-id=\"68ec90e\" data-element_type=\"widget\" data-widget_type=\"text-editor.default\">\n\t\t\t\t<div class=\"elementor-widget-container\">\n\t\t\t\t\t\t\t\t\t<p>17 rue des Lauriers Roses<br \/>34000 Montpellier<\/p><p><span style=\"font-size: 20px;\"><strong>07 83 38 96 89<\/strong><\/span><br \/><span style=\"font-size: 20px;\"><strong><a href=\"mailto:contact@tazig.fr\">contact@tazig.fr<\/a><\/strong><\/span><\/p>\t\t\t\t\t\t\t\t<\/div>\n\t\t\t\t<\/div>\n\t\t\t\t<\/div>\n\t\t<div class=\"elementor-element elementor-element-4bc051a e-grid e-con-full e-con e-child\" data-id=\"4bc051a\" data-element_type=\"container\">\n\t\t\t\t<div class=\"elementor-element elementor-element-49e20fa elementor-widget elementor-widget-text-editor\" data-id=\"49e20fa\" data-element_type=\"widget\" data-widget_type=\"text-editor.default\">\n\t\t\t\t<div class=\"elementor-widget-container\">\n\t\t\t\t\t\t\t\t\t<p><span style=\"font-size: 20px;\"><strong>Conseil d&rsquo;Administration<\/strong><\/span><\/p><p><span style=\"color: var( --e-global-color-text ); font-family: var( --e-global-typography-text-font-family ), Sans-serif; font-weight: var( --e-global-typography-text-font-weight ); font-size: 1rem;\">Pr\u00e9sidente :\u00a0<\/span><span style=\"color: var( --e-global-color-text ); font-family: var( --e-global-typography-text-font-family ), Sans-serif; font-weight: var( --e-global-typography-text-font-weight ); font-size: 1rem;\">Karima Ouldali,\u00a0<\/span><a style=\"font-family: var( --e-global-typography-text-font-family ), Sans-serif; font-weight: var( --e-global-typography-text-font-weight ); font-size: 1rem; background-color: #ffffff;\" href=\"mailto:presidence@tazig.fr\">presidence@tazig.fr<\/a><\/p><p>Tr\u00e9sori\u00e8re : Martine Rodriguez, <a href=\"https:\/\/tazig.fr\/index.php\/contact\/tresorier@tazig.fr\">tresorier@tazig.fr<\/a><\/p><p>Secr\u00e9taire : Marie Claire Rulquin <a href=\"mailto:contact@tazig.fr\">contact@tazig.fr<\/a><\/p>\t\t\t\t\t\t\t\t<\/div>\n\t\t\t\t<\/div>\n\t\t\t\t<div class=\"elementor-element elementor-element-467ab0e elementor-widget elementor-widget-text-editor\" data-id=\"467ab0e\" data-element_type=\"widget\" data-widget_type=\"text-editor.default\">\n\t\t\t\t<div class=\"elementor-widget-container\">\n\t\t\t\t\t\t\t\t\t<p><span style=\"font-size: 20px;\"><strong>Pr\u00e9sident d&rsquo;honneur fondateur<\/strong><\/span><\/p><p>Lama Samten Y\u00e9sh\u00e9 Rinpoch\u00e9<\/p>\t\t\t\t\t\t\t\t<\/div>\n\t\t\t\t<\/div>\n\t\t\t\t<\/div>\n\t\t\t\t<div class=\"elementor-element elementor-element-8defd26 elementor-widget-divider--view-line elementor-widget elementor-widget-divider\" data-id=\"8defd26\" data-element_type=\"widget\" data-widget_type=\"divider.default\">\n\t\t\t\t<div class=\"elementor-widget-container\">\n\t\t\t\t\t\t\t<div class=\"elementor-divider\">\n\t\t\t<span class=\"elementor-divider-separator\">\n\t\t\t\t\t\t<\/span>\n\t\t<\/div>\n\t\t\t\t\t\t<\/div>\n\t\t\t\t<\/div>\n\t\t\t\t<div class=\"elementor-element elementor-element-392ec67 elementor-widget elementor-widget-heading\" data-id=\"392ec67\" data-element_type=\"widget\" data-widget_type=\"heading.default\">\n\t\t\t\t<div class=\"elementor-widget-container\">\n\t\t\t\t\t<h2 class=\"elementor-heading-title elementor-size-default\">Contacts<\/h2>\t\t\t\t<\/div>\n\t\t\t\t<\/div>\n\t\t\t\t\t<\/div>\n\t\t\t\t<\/div>\n\t\t<div class=\"elementor-element elementor-element-f4b5ee4 e-flex e-con-boxed e-con e-parent\" data-id=\"f4b5ee4\" data-element_type=\"container\">\n\t\t\t\t\t<div class=\"e-con-inner\">\n\t\t<div class=\"elementor-element elementor-element-c00bfd3 e-con-full e-flex e-con e-child\" data-id=\"c00bfd3\" data-element_type=\"container\">\n\t\t\t\t<div class=\"elementor-element elementor-element-f71e010 elementor-widget elementor-widget-text-editor\" data-id=\"f71e010\" data-element_type=\"widget\" data-widget_type=\"text-editor.default\">\n\t\t\t\t<div class=\"elementor-widget-container\">\n\t\t\t\t\t\t\t\t\t<h2 style=\"text-align: left;\">Lauris<\/h2><p>Corinne<\/p><p>06 61 21 89 97<\/p><p><a href=\"https:\/\/tazig.fr\/index.php\/en\/contact-2\/lauris@tazig.fr\">lauris@tazig.fr<\/a><\/p>\t\t\t\t\t\t\t\t<\/div>\n\t\t\t\t<\/div>\n\t\t\t\t<\/div>\n\t\t<div class=\"elementor-element elementor-element-4c4ada4 e-con-full e-flex e-con e-child\" data-id=\"4c4ada4\" data-element_type=\"container\">\n\t\t\t\t<div class=\"elementor-element elementor-element-991146f elementor-widget elementor-widget-text-editor\" data-id=\"991146f\" data-element_type=\"widget\" data-widget_type=\"text-editor.default\">\n\t\t\t\t<div class=\"elementor-widget-container\">\n\t\t\t\t\t\t\t\t\t<h2>Millau<\/h2><p>Martine<\/p><p>06 43 34 70 41<\/p><p><a href=\"mailto:contact@tazig.fr\" target=\"_blank\" rel=\"noopener\">contact@tazig.fr<\/a><\/p>\t\t\t\t\t\t\t\t<\/div>\n\t\t\t\t<\/div>\n\t\t\t\t<\/div>\n\t\t<div class=\"elementor-element elementor-element-e6fb44d e-con-full e-flex e-con e-child\" data-id=\"e6fb44d\" data-element_type=\"container\">\n\t\t\t\t<div class=\"elementor-element elementor-element-6279411 elementor-widget elementor-widget-text-editor\" data-id=\"6279411\" data-element_type=\"widget\" data-widget_type=\"text-editor.default\">\n\t\t\t\t<div class=\"elementor-widget-container\">\n\t\t\t\t\t\t\t\t\t<h2 style=\"text-align: left;\">Montpellier<\/h2><p>Karima<\/p><p>07 83 38 96 89<\/p><p><a href=\"mailto:montpellier@tazig.fr\">contact@tazig.fr<\/a><\/p>\t\t\t\t\t\t\t\t<\/div>\n\t\t\t\t<\/div>\n\t\t\t\t<\/div>\n\t\t\t\t\t<\/div>\n\t\t\t\t<\/div>\n\t\t<div class=\"elementor-element elementor-element-a1979a9 e-flex e-con-boxed e-con e-parent\" data-id=\"a1979a9\" data-element_type=\"container\">\n\t\t\t\t\t<div class=\"e-con-inner\">\n\t\t\t\t<div class=\"elementor-element elementor-element-f5f0f45 elementor-cta--skin-cover elementor-cta--valign-middle elementor-widget__width-inherit elementor-animated-content elementor-bg-transform elementor-bg-transform-zoom-in elementor-widget elementor-widget-call-to-action\" data-id=\"f5f0f45\" data-element_type=\"widget\" data-widget_type=\"call-to-action.default\">\n\t\t\t\t<div class=\"elementor-widget-container\">\n\t\t\t\t\t\t\t<a class=\"elementor-cta\" href=\"https:\/\/www.helloasso.com\/associations\/tazig-samten-ling\/adhesions\/fiche-adhesion-tazig-2025-2026\" target=\"_blank\">\n\t\t\t\t\t<div class=\"elementor-cta__bg-wrapper\">\n\t\t\t\t<div class=\"elementor-cta__bg elementor-bg\" style=\"background-image: url(https:\/\/tazig.fr\/wp-content\/uploads\/2019\/05\/Image7-fond-noir-e1746791060452-1920x480.jpg);\" role=\"img\" aria-label=\"Image7 fond noir\"><\/div>\n\t\t\t\t<div class=\"elementor-cta__bg-overlay\"><\/div>\n\t\t\t<\/div>\n\t\t\t\t\t\t\t<div class=\"elementor-cta__content\">\n\t\t\t\t\n\t\t\t\t\t\t\t\t\t<h2 class=\"elementor-cta__title elementor-cta__content-item elementor-content-item elementor-animated-item--grow\">\n\t\t\t\t\t\tADHESION 2025 - 2026\t\t\t\t\t<\/h2>\n\t\t\t\t\n\t\t\t\t\t\t\t\t\t<div class=\"elementor-cta__description elementor-cta__content-item elementor-content-item elementor-animated-item--grow\">\n\t\t\t\t\t\tvalable du 1er septembre 2025 au 31 ao\u00fbt 2026\t\t\t\t\t<\/div>\n\t\t\t\t\n\t\t\t\t\t\t\t<\/div>\n\t\t\t\t\t\t<\/a>\n\t\t\t\t\t\t<\/div>\n\t\t\t\t<\/div>\n\t\t\t\t\t<\/div>\n\t\t\t\t<\/div>\n\t\t\t\t<section class=\"elementor-section elementor-top-section elementor-element elementor-element-28dd9af6 elementor-section-boxed elementor-section-height-default elementor-section-height-default\" data-id=\"28dd9af6\" data-element_type=\"section\">\n\t\t\t\t\t\t<div class=\"elementor-container elementor-column-gap-default\">\n\t\t\t\t\t<section class=\"elementor-column elementor-col-100 elementor-top-column elementor-element elementor-element-57c5f5c7\" data-id=\"57c5f5c7\" data-element_type=\"column\">\n\t\t\t<div class=\"elementor-widget-wrap elementor-element-populated\">\n\t\t\t\t\t\t<div class=\"elementor-element elementor-element-23f704e elementor-widget elementor-widget-spacer\" data-id=\"23f704e\" data-element_type=\"widget\" data-widget_type=\"spacer.default\">\n\t\t\t\t<div class=\"elementor-widget-container\">\n\t\t\t\t\t\t\t<div class=\"elementor-spacer\">\n\t\t\t<div class=\"elementor-spacer-inner\"><\/div>\n\t\t<\/div>\n\t\t\t\t\t\t<\/div>\n\t\t\t\t<\/div>\n\t\t\t\t<div class=\"elementor-element elementor-element-b417b58 elementor-widget__width-inherit elementor-widget elementor-widget-facebook-page\" data-id=\"b417b58\" data-element_type=\"widget\" data-widget_type=\"facebook-page.default\">\n\t\t\t\t<div class=\"elementor-widget-container\">\n\t\t\t\t\t<div class=\"elementor-facebook-widget fb-page\" data-href=\"https:\/\/www.facebook.com\/Tazig.fr\" data-tabs=\"timeline\" data-height=\"122px\" data-width=\"500px\" data-small-header=\"false\" data-hide-cover=\"false\" data-show-facepile=\"true\" data-hide-cta=\"false\" style=\"min-height: 1px;height:122px\"><\/div>\t\t\t\t<\/div>\n\t\t\t\t<\/div>\n\t\t\t\t\t<\/div>\n\t\t<\/section>\n\t\t\t\t\t<\/div>\n\t\t<\/section>\n\t\t\t\t<\/div>\n\t\t","protected":false},"excerpt":{"rendered":"<p>Association Tazig Samten Ling 17 rue des Lauriers Roses34000 Montpellier 07 83 38 96 89contact@tazig.fr Conseil d&rsquo;Administration Pr\u00e9sidente :\u00a0Karima Ouldali,\u00a0presidence@tazig.fr Tr\u00e9sori\u00e8re : Martine Rodriguez, tresorier@tazig.fr Secr\u00e9taire : Marie Claire Rulquin contact@tazig.fr Pr\u00e9sident d&rsquo;honneur fondateur Lama Samten Y\u00e9sh\u00e9 Rinpoch\u00e9 Contacts Lauris Corinne 06 61 21 89 97 lauris@tazig.fr Millau Martine 06 43 34 70 41 contact@tazig.fr Montpellier Karima 07 83 38 96 89 contact@tazig.fr ADHESION 2025[&#8230;]<\/p>\n","protected":false},"author":1,"featured_media":0,"parent":0,"menu_order":0,"comment_status":"closed","ping_status":"closed","template":"elementor_header_footer","meta":{"_uag_custom_page_level_css":"","footnotes":""},"class_list":["post-3826","page","type-page","status-publish","hentry"],"uagb_featured_image_src":{"full":false,"thumbnail":false,"medium":false,"medium_large":false,"large":false,"1536x1536":false,"2048x2048":false,"post-thumbnail":false,"poseidon-header-image":false,"poseidon-thumbnail-small":false,"poseidon-thumbnail-medium":false,"poseidon-thumbnail-large":false,"poseidon-thumbnail-single":false},"uagb_author_info":{"display_name":"Mandesha","author_link":"https:\/\/tazig.fr\/index.php\/author\/mandesha\/"},"uagb_comment_info":0,"uagb_excerpt":"Association Tazig Samten Ling 17 rue des Lauriers Roses34000 Montpellier 07 83 38 96 89contact@tazig.fr Conseil d&rsquo;Administration Pr\u00e9sidente :\u00a0Karima Ouldali,\u00a0presidence@tazig.fr Tr\u00e9sori\u00e8re : Martine Rodriguez, tresorier@tazig.fr Secr\u00e9taire : Marie Claire Rulquin contact@tazig.fr Pr\u00e9sident d&rsquo;honneur fondateur Lama Samten Y\u00e9sh\u00e9 Rinpoch\u00e9 Contacts Lauris Corinne 06 61 21 89 97 lauris@tazig.fr Millau Martine 06 43 34 70 41 contact@tazig.fr\u2026","_links":{"self":[{"href":"https:\/\/tazig.fr\/index.php\/wp-json\/wp\/v2\/pages\/3826","targetHints":{"allow":["GET"]}}],"collection":[{"href":"https:\/\/tazig.fr\/index.php\/wp-json\/wp\/v2\/pages"}],"about":[{"href":"https:\/\/tazig.fr\/index.php\/wp-json\/wp\/v2\/types\/page"}],"author":[{"embeddable":true,"href":"https:\/\/tazig.fr\/index.php\/wp-json\/wp\/v2\/users\/1"}],"replies":[{"embeddable":true,"href":"https:\/\/tazig.fr\/index.php\/wp-json\/wp\/v2\/comments?post=3826"}],"version-history":[{"count":128,"href":"https:\/\/tazig.fr\/index.php\/wp-json\/wp\/v2\/pages\/3826\/revisions"}],"predecessor-version":[{"id":4972,"href":"https:\/\/tazig.fr\/index.php\/wp-json\/wp\/v2\/pages\/3826\/revisions\/4972"}],"wp:attachment":[{"href":"https:\/\/tazig.fr\/index.php\/wp-json\/wp\/v2\/media?parent=3826"}],"curies":[{"name":"wp","href":"https:\/\/api.w.org\/{rel}","templated":true}]}}